
Is 627 a multiple of 33?
True
Does 30 divide 1066?
False
Is 6 a factor of 2574?
True
Does 62 divide 930?
True
Is 56 a factor of 6496?
True
Does 78 divide 41316?
False
Is 76 a factor of 608?
True
Is 3 a factor of 343?
False
Is 3480 a multiple of 38?
False
Does 7 divide 441?
True
Is 18 a factor of 54552?
False
Does 6 divide 2316?
True
Is 166 a factor of 6158?
False
Is 33 a factor of 495?
True
Is 205 a multiple of 41?
True
Does 18 divide 9808?
False
Is 352 a multiple of 16?
True
Does 15 divide 5203?
False
Is 77 a multiple of 26?
False
Is 18 a factor of 5282?
False
Does 8 divide 3272?
True
Is 560 a multiple of 11?
False
Is 27 a factor of 684?
False
Is 5 a factor of 11675?
True
Is 17079 a multiple of 22?
False
Does 25 divide 536?
False
Is 32176 a multiple of 16?
True
Is 5 a factor of 527?
False
Is 38 a factor of 14412?
False
Does 24 divide 22323?
False
Is 9 a factor of 248?
False
Is 23 a factor of 414?
True
Is 28355 a multiple of 131?
False
Does 24 divide 1896?
True
Does 42 divide 672?
True
Is 47 a factor of 3333?
False
Is 27 a factor of 135?
True
Is 4 a factor of 446?
False
Is 1316 a multiple of 28?
True
Is 24 a factor of 859?
False
Does 25 divide 223?
False
Is 9685 a multiple of 65?
True
Is 3 a factor of 6119?
False
Is 350 a multiple of 45?
False
Does 76 divide 30628?
True
Is 14 a factor of 82473?
False
Is 89 a factor of 5874?
True
Is 7 a factor of 1197?
True
Does 49 divide 21521?
False
Does 125 divide 3375?
True
Is 66 a factor of 1696?
False
Is 25954 a multiple of 38?
True
Does 32 divide 35241?
False
Does 11 divide 495?
True
Is 307 a multiple of 32?
False
Does 79 divide 3306?
False
Does 25 divide 9875?
True
Is 15932 a multiple of 28?
True
Is 91217 a multiple of 192?
False
Does 2 divide 57?
False
Does 9 divide 2104?
False
Does 54 divide 73656?
True
Does 3 divide 17?
False
Is 404 a multiple of 26?
False
Is 2 a factor of 189?
False
Is 74 a multiple of 3?
False
Does 2 divide 96?
True
Does 10 divide 6305?
False
Does 15 divide 18?
False
Does 32 divide 128?
True
Does 7 divide 1232?
True
Is 33923 a multiple of 24?
False
Does 5 divide 345?
True
Is 18 a factor of 2304?
True
Is 6195 a multiple of 15?
True
Is 219 a factor of 75247?
False
Is 26 a factor of 5884?
False
Is 6650 a multiple of 70?
True
Is 50 a factor of 1100?
True
Is 11 a factor of 181?
False
Is 1922 a multiple of 62?
True
Is 4320 a multiple of 96?
True
Is 53511 a multiple of 115?
False
Does 155 divide 90296?
False
Does 6 divide 332?
False
Is 1036 a multiple of 37?
True
Is 11 a factor of 38942?
False
Does 49 divide 14504?
True
Does 60 divide 3715?
False
Is 165 a multiple of 7?
False
Is 2981 a multiple of 11?
True
Does 162 divide 29164?
False
Is 24 a factor of 14049?
False
Does 7 divide 2162?
False
Is 5 a factor of 87?
False
Is 7 a multiple of 7?
True
Is 793 a multiple of 25?
False
Does 15 divide 2036?
False
Is 46 a factor of 378?
False
Is 75 a multiple of 26?
False
Does 23 divide 7107?
True
Is 32 a factor of 25344?
True
Is 16027 a multiple of 11?
True
Is 15 a factor of 975?
True
Does 17 divide 476?
True
Does 27 divide 8968?
False
Does 22 divide 325?
False
Is 17 a factor of 8959?
True
Is 8616 a multiple of 12?
True
Does 20 divide 1256?
False
Is 12 a factor of 1932?
True
Is 101 a factor of 23331?
True
Is 172 a multiple of 4?
True
Is 77619 a multiple of 71?
False
Does 118 divide 8244?
False
Is 5 a factor of 55643?
False
Is 354 a multiple of 118?
True
Is 1300 a multiple of 10?
True
Is 67 a factor of 1781?
False
Is 27440 a multiple of 35?
True
Is 115 a factor of 13580?
False
Is 18 a factor of 433?
False
Is 947 a multiple of 11?
False
Is 70 a factor of 10668?
False
Is 4 a factor of 11428?
True
Is 337 a multiple of 8?
False
Is 666 a multiple of 74?
True
Is 1298 a multiple of 5?
False
Is 782 a multiple of 40?
False
Is 7499 a multiple of 39?
False
Does 36 divide 2916?
True
Is 39 a factor of 163?
False
Is 11 a factor of 2519?
True
Is 14 a factor of 238?
True
Is 3 a factor of 783?
True
Is 26 a factor of 1092?
True
Is 1268 a multiple of 29?
False
Is 24 a factor of 1224?
True
Is 89 a factor of 18779?
True
Is 2221 a multiple of 10?
False
Is 203 a multiple of 29?
True
Is 455 a multiple of 13?
True
Is 31 a factor of 837?
True
Is 1740 a multiple of 78?
False
Is 3304 a multiple of 12?
False
Does 4 divide 148?
True
Does 23 divide 80?
False
Is 594 a multiple of 18?
True
Is 7392 a multiple of 24?
True
Does 15 divide 10644?
False
Is 64 a factor of 1088?
True
Does 95 divide 2858?
False
Is 14 a factor of 1387?
False
Does 49 divide 1828?
False
Does 8 divide 297?
False
Does 2 divide 46?
True
Is 8 a factor of 2288?
True
Is 85 a factor of 75676?
False
Is 92 a factor of 27968?
True
Does 63 divide 27657?
True
Is 1300 a multiple of 26?
True
Is 9116 a multiple of 4?
True
Does 10 divide 4220?
True
Does 8 divide 23736?
True
Is 15 a factor of 1710?
True
Is 7362 a multiple of 10?
False
Is 35 a factor of 6220?
False
Is 42459 a multiple of 49?
False
Is 30 a factor of 5889?
False
Is 81 a multiple of 15?
False
Is 8387 a multiple of 12?
False
Does 5 divide 2370?
True
Is 5 a factor of 4678?
False
Is 132 a multiple of 2?
True
Does 5 divide 4380?
True
Is 1156 a multiple of 6?
False
Is 2182 a multiple of 96?
False
Does 50 divide 300?
True
Is 287 a factor of 87530?
False
Does 38 divide 38?
True
Does 13 divide 1456?
True
Is 474 a multiple of 3?
True
Is 733 a multiple of 22?
False
Does 13 divide 75452?
True
Is 10 a factor of 4660?
True
Is 216 a multiple of 54?
True
Is 135 a factor of 5429?
False
Does 50 divide 1060?
False
Does 10 divide 323?
False
Does 9 divide 2886?
False
Does 17 divide 86904?
True
Is 2808 a multiple of 78?
True
Is 10642 a multiple of 25?
False
Is 8 a factor of 1361?
False
Is 376 a multiple of 4?
True
Is 14 a factor of 322?
True
Does 24 divide 1320?
True
Is 7670 a multiple of 65?
True
Does 8 divide 4617?
False
Is 33 a factor of 7176?
False
Is 421 a multiple of 10?
False
Is 898 a multiple of 98?
False
Is 160 a multiple of 3?
False
Does 318 divide 32754?
True
Is 47964 a multiple of 14?
True
Is 12979 a multiple of 6?
False
Is 719 a multiple of 18?
False
Is 5073 a multiple of 19?
True
Is 93 a factor of 1074?
False
Is 3869 a multiple of 19?
False
Is 13899 a multiple of 4?
False
Is 10903 a multiple of 86?
False
Is 14915 a multiple of 19?
True
Is 95 a factor of 11316?
False
Is 52 a factor of 18876?
True
Does 29 divide 6322?
True
Does 23 divide 2038?
False
Is 360 a multiple of 10?
True
Is 3674 a multiple of 7?
False
Is 24 a factor of 590?
False
Is 33 a factor of 2996?
False
Does 58 divide 45646?
True
Does 11 divide 6985?
True
Is 12142 a multiple of 13?
True
Does 3 divide 2819?
False
Does 17 divide 1071?
True
Is 8745 a multiple of 53?
True
Does 15 divide 2406?
False
Does 15 divide 1920?
True
Does 20 divide 1160?
True
Is 8 a factor of 2900?
False
Is 1664 a multiple of 52?
True
Does 7 divide 3038?
True
Is 19 a factor of 2903?
False
Is 16 a multiple of 5?
False
Does 14 divide 1254?
False
Is 8 a factor of 9792?
True
Is 123 a multiple of 7?
False
Is 237 a factor of 1007?
False
Does 28 divide 52939?
False
Does 6 divide 47?
False
Does 35 divide 43400?
True
Is 1914 a multiple of 58?
True
Is 7 a factor of 65?
False
Is 22962 a multiple of 6?
True
Does 27 divide 14261?
False
Is 152 a factor of 9272?
True
Does 65 divide 494?
False
Does 26 divide 2336?
False
Is 708 a multiple of 12?
True
Is 491 a multiple of 5?
False
Does 91 divide 83265?
True
Is 18 a factor of 1025?
False
Does 28 divide 651?
False
Is 1139 a multiple of 13?
False
Is 1278 a multiple of 18?
True
Is 17 a factor of 640?
False
Is 9 a factor of 736?
False
Does 15 divide 103777?
False
Does 93 divide 4650?
True
Is 5 a factor of 11585?
True
Is 22680 a multiple of 81?
True
Is 3365 a multiple of 68?
False
Is 71 a factor of 156?
False
Is 4 a factor of 4716?
True
Is 24 a factor of 1056?
True
Is 7 a factor of 6594?
True
Is 34 a factor of 46410?
True
Is 35 a factor of 5551?
False
Is 32062 a multiple of 29?
False
Is 56913 a multiple of 17?
False
Is 12 a factor of 4092?
True
Is 15323 a multiple of 3?
False
Is 8 a factor of 32?
True
Does 23 divide 828?
True
Does 29 divide 11278?
False
Does 64 divide 747?
False
Does 7 divide 9842?
True
Does 7 divide 574?
True
Is 77 a factor of 847?
True
Is 775 a multiple of 50?
False
Is 75 a factor of 1950?
True
Is 1500 even?
True
Does 7 divide 2758?
True
Is 